ed by t(-6).
17
Let y be (2 - 1)/(1/(-3)). Let o be y - -1 - (-5 - 2). Suppose 3*q - o*i + 1 = 0, 10 = 2*i - 0. Calculate the remainder when q is divided by 3.
2
Suppose 20 = 3*g + 2*g. Suppose -3*f = g*a - 18, f + f = -a + 7. Suppose 0 = -p + 14 - f. Calculate the remainder when 35 is divided by p.
11
Suppose 0 = 4*l - l - 11*l. Suppose -3*k + a - 5*a + 53 = l, -5*a + 25 = 0. Let r = 37 + 6. What is the remainder when r is divided by k?
10
Suppose -8*v + 9*v = -f, -f = 5*v + 12. Calculate the remainder when 436 is divided by f.
1
Let n be 3/(5/(500/12)). Suppose -30*f = -n*f - 60. What is the remainder when 130 is divided by f?
10
Let y(i) = -i**3 + 3*i**2 - 5*i - 3. Let a = 156 + -160. What is the remainder when y(a) is divided by 11?
8
Suppose 15 - 3 = a. Let o be 2*51 + (-13 - -9) - 4. Let c = -89 + o. Calculate the remainder when a is divided by c.
2
Let s(c) = 8*c + 2. Let j be 1 + (2 - 2) + 3. Let l be s(j). Calculate the remainder when l + (-5)/((-10)/4) is divided by 19.
17
Let h(x) = x - 2. Let i be h(-7). Let l = -300 - -306. Calculate the remainder when (-6)/i + (-31)/(-3) is divided by l.
5
Suppose 118 + 2290 = 28*c. Calculate the remainder when c is divided by 13.
8
What is the remainder when -186*(-13)/(91/7) is divided by 111?
75
Let v(f) be the third derivative of 0*f**4 + 0 - 1/120*f**6 + f**2 + 2/15*f**5 + 1/6*f**3 + 0*f. What is the remainder when v(7) is divided by 13?
11
Suppose -4*n + 7 = -61. Suppose 21*p = -611 + 716. What is the remainder when n is divided by p?
2
Let d = -288 + 336. What is the remainder when d is divided by 17?
14
Let i be (1083/95)/((-2)/(-30)). Suppose 4*k - 7*k = -i. What is the remainder when k is divided by 15?
12
Suppose 5*l = c + 7, 0*l + 7 = l - 3*c. Let w be 5/10 - (-1 + (-12)/8). Calculate the remainder when (-1)/(w - l)*-134 is divided by 17.
16
Calculate the remainder when 343 is divided by 8/((-28)/(-7)) - -21.
21
Let o(i) = 46*i - 28. What is the remainder when o(3) is divided by 16?
14
Let h(i) = -10*i + 2. Let c be h(3). Let g = c + 33. Suppose -g - 11 = -2*l. What is the remainder when 20 is divided by l?
4
Let y(u) = -u**3 - 2*u**2 + 4*u + 7. Suppose 5*w - 82 = -97. Calculate the remainder when y(w) is divided by 3.
1
Suppose 319 - 4701 = -110*m + 1448. Suppose 2*w - 8 = 5*t, -4*w = -2*t + 19 - 67. Calculate the remainder when m is divided by w.
11
Let k be (-44)/7 - 4/(-14). Let f(n) = 3*n + 0*n + 54 - 8*n**2 - 59 + 9*n**2. What is the remainder when 35 is divided by f(k)?
9
Let z be 6/3 + 0 - 0/(-1). Suppose 2*p + 0*p = -z*f + 4, 5*f = -p - 10. Calculate the remainder when p is divided by 4.
1
Let r(z) = z + 10. What is the remainder when 122 is divided by r(15)?
22
Let a(v) = -3*v + 44. Suppose 3*d - 32 = -d. Calculate the remainder when a(8) is divided by d.
4
Let v(x) = -21*x + 39. Calculate the remainder when v(-3) is divided by 69.
33
Let z = 535 + -476. Calculate the remainder when 1472 is divided by z.
56
Suppose -42 - 14 = -l. Suppose -7*i + 3*i + l = 0. Let x = i - 5. What is the remainder when 17 is divided by x?
8
Let v(x) = 15*x**3 + 3*x**2 + x**3 - x + 1 - 4*x**2. Let c(q) = q**3 + 7*q**2 + 6*q + 1. Let r be c(-6). What is the remainder when v(r) is divided by 8?
7
Let w(u) = -u**2 + 10*u + 6. Let d be w(10). Let k(p) = p**2 - 2*p - 7. What is the remainder when 219 is divided by k(d)?
15
Suppose 0 = 3*q - 2*z - 54, -12*z = -5*q - 14*z + 90. Let p(s) = 3*s - 2. Calculate the remainder when q is divided by p(3).
4
Suppose 17*g + 1379 - 2416 = 0. Suppose 0 = 4*h - 2*h - 10, 5*h - 41 = -y. What is the remainder when g is divided by y?
13
Suppose 5 = 3*a - a - t, 8 = 2*a + 2*t. Suppose -2*n - 31 = -a*l - n, 2*n - 1 = -l. What is the remainder when l is divided by 3?
0
Let d = -25 - -7. Let a = d - -36. Suppose -11 = 17*c - 96. What is the remainder when a is divided by c?
3
Let q(x) = 4*x**2 - 21*x + 15. Calculate the remainder when 73 is divided by q(6).
7
Let n(q) = 3*q - 12. Let x be n(10). Suppose x*s - 14*s - 92 = 0. Let u = s - 2. What is the remainder when u is divided by 11?
10
Let k(p) = -55*p - 268. Let d be k(-5). Suppose 4*h - 2*h = 178. Suppose 0 = -5*l - d - 8, h = 2*q - 5*l. What is the remainder when q is divided by 13?
11
Let s = 7 + -4. Suppose -15 + 48 = s*i. What is the remainder when 7 + (-34)/2 + 42 is divided by i?
10
Suppose -p + 20 = -5*p. What is the remainder when 8 - (p + -1 - -3) is divided by ((-2)/(-6))/((-5)/(-45))?
2
Let v(m) = m**3 - 8*m**2 + 9*m. Suppose -5*a = -4*u + 38, -26 = -3*u - u - a. Calculate the remainder when 83 is divided by v(u).
13
Suppose -5*i + 9 = -11. Let o = -510 + 529. What is the remainder when o is divided by i?
3
Let g be 11/(-3)*(-21)/7. Calculate the remainder when (g - 2)/(2 + 98/(-52)) is divided by 16.
14
Suppose -26*z + 14*z = -2688. Calculate the remainder when z is divided by 62.
38
Let g(i) = -2*i**2 + 13*i + 14. Let x be (-1)/((-4)/32) + (-1)/1. What is the remainder when 33 is divided by g(x)?
5
What is the remainder when ((-1296)/40)/(4/(-10)) - 4 is divided by 26?
25
Let z(p) = 6*p - 3. Let x be z(4). Let k = 7 + x. What is the remainder when k is divided by 11?
6
Let f(i) = -i**2 + 15*i + 6. Let q be f(9). Suppose g = 5*g - q. What is the remainder when g is divided by 1/(1/9) - 1?
7
Let x = 105 - 68. Let l = -3 + -26. Let m = -16 - l. Calculate the remainder when x is divided by m.
11
Let i be -3*2/2 - 7. Suppose -3*g + 69 = -621. What is the remainder when 66 is divided by (1 - 2)/(i/g)?
20
Suppose w = 5*k + 1 - 0, -3*k + w - 1 = 0. Let f(c) = c + 62. What is the remainder when f(k) is divided by (-80)/(-6)*(168/(-5))/(-14)?
30
Let j be (4/5)/(4/(-50)). Let s(k) = -84 + 147 - 12*k - 83. What is the remainder when s(j) is divided by 17?
15
Suppose -32 = -2*y + 2*j, -16*j + 11*j = -10. What is the remainder when 340 is divided by y?
16
Suppose 24 = s - 2*s. Let r(c) = -4*c - 65. What is the remainder when r(s) is divided by 17?
14
Let y = 11 + -6. Suppose -d = -y - 6. Let u(l) = -48*l - 6. Calculate the remainder when u(-1) is divided by d.
9
Let c = -4 + 11. What is the remainder when c is divided by -1 + (-3)/((-3)/1) - -5?
2
Let n(d) = d**2 + 5*d + 4. Let x be n(-5). Suppose -x*g + 126 = 2*o, -g = 3*g - 4*o - 96. Calculate the remainder when g is divided by 6.
5
Let a = 23 - 13. Suppose -l - 3*n + 18 = 0, 5*n - a = 7*l - 2*l. What is the remainder when (-1 - -3) + -4 - -7 is divided by l?
2
Suppose 0 = -5*u + 66 - 471. Let n = -25 - u. Calculate the remainder when 222 is divided by n.
54
What is the remainder when (-1603)/21*(-2 + -1) is divided by 26?
21
Let g(m) = m**3 + m**2 - 11*m + 17. What is the remainder when 439 is divided by g(3)?
19
Let t(p) = -1. Let z(a) = -7*a + 4. Let f(x) = -5*t(x) - z(x). Let c = -34 - -65. What is the remainder when c is divided by f(1)?
7
Let s = 44 - -61. Suppose -13*y + 103 + 53 = 0. What is the remainder when s is divided by y?
9
Suppose 100 = 5*y + g + 2*g, -2*g = -3*y + 41. Calculate the remainder when 63 is divided by y.
12
What is the remainder when 857 is divided by (49/(-441))/(2/(-198))?
10
Let y(c) = -c**3 - 8*c**2 - 4*c - 5. Let o be y(-7). Let t = -60 - -74. What is the remainder when o/(2 + (-24)/9) is divided by t?
11
Suppose -3*x = 2*u + 7 - 18, -18 = -3*u - 4*x. What is the remainder when 1757 is divided by u?
7
Suppose -2*x + 3 = x - 4*n, 0 = -5*x - 2*n + 31. Suppose 85 = -0*f - 5*f. Let g = f - -31. What is the remainder when g is divided by x?
4
Suppose -3*n + 0*n = -5*q + 2, 3*n + 3*q - 30 = 0. Let s = n - 2. Suppose 46 = s*y + 10. What is the remainder when 33 is divided by y?
6
Suppose 4*z - 16 = 0, -g = 4*z - 40 - 5. What is the remainder when 72 is divided by g?
14
Let h = -107 - -136. What is the remainder when 85 is divided by h?
27
Let t(l) be the third derivative of l**5/30 + 5*l**4/6 - 4*l**3/3 + 9*l**2. Calculate the remainder when t(-13) is divided by 18.
16
Suppose 0 = 5*i - 3*d - 121, -3*i + 5*d = -5*i + 67. What is the remainder when 153 is divided by i?
23
Suppose 77*z = 69*z + 952. Calculate the remainder when z is divided by 68.
51
Suppose 133 = -k + 2*a, k + a - 674 = 6*k. Let c = k + 210. What is the remainder when c is divided by 26?
23
Let f = -299 - -329. Calculate the remainder when 89 is divided by f.
29
Let j = 